0202 (base 3) to base 9.
-511422
Convert 475672 (base 9) to base 7.
2301515
-2442512 (base 7) to base 14
-82142
-17aa375 (base 11) to base 4
-23222312023
What is 10210110011121 (base 3) in base 16?
1ec51a
Convert 2cb48 (base 13) to base 7.
503665
Convert -11010011111001101 (base 2) to base 13.
-3a4c8
What is 3a9038 (base 14) in base 11?
1161496
What is 124031040 (base 5) in base 13?
185395
Convert 86920 (base 10) to base 4.
111032020
-1900b51 (base 12) to base 2
-10011111100001001101101
-672772 (base 9) to base 14
-a6887
-101122101001 (base 3) to base 13
-7447c
Convert 3a18b (base 14) to base 7.
1133634
Convert 79847 (base 11) to base 16.
1c31d
e8560 (base 15) to base 10
736965
-1167054 (base 10) to base 4
-10130323032
87224 (base 14) to base 2
1001111110100110000
What is -628478 (base 11) in base 16?
-f5cd5
What is -5301505 (base 6) in base 4?
-332233301
10046546 (base 7) to base 9
1513055
What is -2063632 (base 7) in base 10?
-251050
-111101000000001010 (base 2) to base 8
-750012
Convert 426035 (base 7) to base 9.
122588
What is -124e53 (base 15) in base 10?
-877353
What is 66391 (base 13) in base 9?
312007
Convert 420133 (base 5) to base 11.
a3aa
What is -3450b8 (base 16) in base 10?
-3428536
-1402134 (base 5) to base 11
-1a396
2245315 (base 6) to base 12
5683b
What is 4164160 (base 11) in base 10?
7340652
Convert -9210977 (base 10) to base 7.
-141202106
Convert 211312113 (base 4) to base 3.
21212122220
What is -101c91 (base 13) in base 5?
-44010021
Convert 248872 (base 9) to base 15.
2ea92
222333021 (base 6) to base 8
17323145
Convert 120102202101 (base 3) to base 9.
512671
Convert -1110011011100111 (base 2) to base 7.
-334223
What is -100011000010110010001110 (base 2) in base 14?
-1311b8a
What is 34842 (base 13) in base 7?
546345
Convert 530024 (base 10) to base 7.
4335155
What is 124125316 (base 7) in base 11?
450a963
12201010122 (base 3) to base 11
7746a
What is -102111212220 (base 3) in base 6?
-4505123
Convert 221330021 (base 4) to base 14.
46865
Convert 3090a (base 14) to base 2.
11100100100011110
3126526 (base 9) to base 15
2302ec
Convert -909 (base 16) to base 14.
-bb3
Convert -26437 (base 15) to base 7.
-1020001
What is -e934d (base 15) in base 3?
-1101120220201
What is -2647989 (base 10) in base 8?
-12063665
441377 (base 12) to base 16
107ccb
Convert 10001011100101110000 (base 2) to base 11.
360632
What is 90638 (base 10) in base 9?
147288
-10155453 (base 8) to base 3
-11001101201100
Convert -131313213 (base 4) to base 8.
-356747
1423c3 (base 14) to base 9
1273101
What is -1154570 (base 13) in base 16?
-51a4e7
Convert -14535 (base 11) to base 5.
-1124413
235177 (base 9) to base 7
1126522
-350512 (base 11) to base 3
-1001022000202
-28e935 (base 15) to base 10
-1973075
What is 133202301 (base 4) in base 16?
1f8b1
What is 5cc761 (base 13) in base 15?
2debed
-1011110010011110001 (base 2) to base 16
-5e4f1
What is 32221 (base 15) in base 16?
26d82
a1a88 (base 12) to base 14
56a92
Convert -78a69 (base 11) to base 8.
-337364
What is -114340053 (base 6) in base 8?
-10227401
What is 3061642 (base 7) in base 6?
11515444
What is 157176 (base 9) in base 15?
1db8c
What is 13d9b (base 15) in base 5?
4020241
What is 1258032 (base 9) in base 12?
292325
11100011101001001 (base 2) to base 3
12220212210
-41012244 (base 6) to base 16
-11d364
What is 7263545 (base 9) in base 11?
2210270
What is -17536677 (base 9) in base 11?
-4a86871
What is 170cd (base 15) in base 2?
10010001011001011
-1522605 (base 7) to base 11
-131970
What is -1041402 (base 6) in base 10?
-52202
What is 315226 (base 7) in base 13?
1bb53
What is -101000221221122 (base 3) in base 12?
-19524bb
-481118 (base 9) to base 2
-1000110101011100111
Convert -3c5692 (base 13) to base 7.
-15325003
-2111010222012 (base 3) to base 9
-2433865
Convert -76777 (base 8) to base 12.
-167bb
What is -27972 (base 11) in base 5?
-2233032
Convert -220430133 (base 5) to base 7.
-11043162
What is -706747 (base 8) in base 16?
-38de7
Convert -63737 (base 9) to base 2.
-1010010010101010
-110411143 (base 5) to base 11
-2aa196
357735 (base 8) to base 2
11101111111011101
1b422 (base 15) to base 13
31499
41643754 (base 8) to base 15
ba1d67
-11010111001100011 (base 2) to base 8
-327143
Convert -1010011001001111010 (base 2) to base 9.
-568186
Convert -93494 (base 11) to base 4.
-201102131
-96019 (base 11) to base 8
-420777
-220110002111 (base 3) to base 4
-1311132313
118326 (base 10) to base 13
41b20
What is 222152505 (base 6) in base 2?
1111010111001110011001
Convert -63521 (base 7) to base 3.
-210112022
Convert -4314514 (base 7) to base 4.
-2000023312
Convert -22a91 (base 16) to base 9.
-235663
What is -26ac1 (base 15) in base 5?
-12431211
What is 1e4f3 (base 16) in base 8?
362363
What is -2112010333 (base 4) in base 14?
-120047
Convert -23ec2 (base 15) to base 3.
-12211100102
Convert 25ba307 (base 13) to base 7.
202460411
What is 33030031 (base 4) in base 11?
42825
121003320 (base 4) to base 8
310370
What is 3002331231 (base 4) in base 3?
1111120102210
-161811 (base 12) to base 8
-1336515
What is 3330120 (base 5) in base 12?
297a8
Convert -100100010110001100110011 (base 2) to base 9.
-18832104
402302412 (base 5) to base 6
54211310
What is 537524 (base 8) in base 9?
303877
What is 1833759 (base 11) in base 2?
1011110110111110111100
What is 9 (base 10) in base 13?
9
169dc (base 14) to base 2
1101111000000110
Convert 311341 (base 7) to base 10.
53341
What is 21022254 (base 6) in base 13?
18465a
Convert -343565 (base 7) to base 3.
-10010011002
Convert 2005646 (base 8) to base 10.
527270
What is 22334522 (base 6) in base 9?
1247705
What is -1024140 (base 5) in base 8?
-42014
Convert -220011120 (base 3) to base 9.
-26146
What is 12321014 (base 5) in base 16?
1d546
What is -ceb41 (base 15) in base 10?
-657286
What is -1103430301 (base 5) in base 2?
-1001001011001011010100
7c23c1 (base 13) to base 7
34022242
5200050 (base 6) to base 7
2054355
-170a93 (base 14) to base 12
-3300a1
What is 9a81 (base 12) in base 16?
42c1
What is -2405530 (base 8) in base 13?
-1a0809
What is -3123103 (base 5) in base 15?
-10488
-10332223 (base 4) to base 16
-4fab
-11615021 (base 7) to base 6
-34231205
210122111200 (base 3) to base 12
186709
What is a9774 (base 11) in base 9?
262478
-3001100103 (base 4) to base 11
-4a07a0
-71a18 (base 14) to base 5
-32224023
1137713 (base 13) to base 4
110032002023
What is -70901 (base 12) in base 4?
-203300101
1001110110202 (base 3) to base 11
352998
Convert 106878 (base 9) to base 16.
fa8e
What is -50690 (base 12) in base 14?
-2a1d2
-12ec1a (base 16) to base 15
-19767a
What is -100101100100110011 (base 2) in base 14?
-40135
What is 823184 (base 9) in base 15?
9983d
-20d930 (base 15) to base 3
-2221111100200
What is -11010100010010000011010 (base 2) in base 16?
-6a241a
5d625 (base 15) to base 10
298385
What is 12535251 (base 6) in base 10?
417199
1324120 (base 11) to base 13
622117
Convert -50862a2 (base 11) to base 8.
-42211351
What is 10000110111000100110 (base 2) in base 8?
2067046
Convert 1312332320 (base 4) to base 2.
1110110111110111000
Convert -32233 (base 7) to base 8.
-17513
What is -11100021212112 (base 3) in base 15?
-30909e
Convert 160490a (base 11) to base 16.
29dfe2
2837b9 (base 13) to base 16
ef038
What is -1222202121 (base 4) in base 16?
-6a899
37c78 (base 15) to base 10
178313
What is -6668853 (base 9) in base 13?
-988692
What is -19dc2a (base 15) in base 9?
-2332544
335445 (base 6) to base 5
1402334
Convert 3024140 (base 6) to base 11.
98890
What is 193748 (base 10) in base 6?
4052552
What is 892ab (base 13) in base 9?
418177
Convert -469a5 (base 16) to base 2.
-1000110100110100101
What is 34661133 (base 7) in base 13?
830514
Convert -33032436 (base 7) to base 5.
-1211103223
320a2aa (base 12) to base 10
9473314
Convert -1223230020 (base 4) to base 12.
-193320
Convert 4062152 (base 7) to base 14.
c9062
Convert 1002202200211 (base 3) to base 14.
113739
-21221122 (base 3) to base 9
-7848
Convert 11222011222022 (base 3) to base 10.
2641148
Convert 331300102 (base 4) to base 13.
8b195
66809 (base 11) to base 10
96809
What is 20143761 (base 8) in base 5?
2041323424
1111101000111111111 (base 2) to base 10
512511
What is 206b567 (base 12) in base 13?
1361b63
Convert 735ddd (base 15) to base 3.
